s 116771 composite?
True
Is 26417 prime?
True
Is 1162417 a prime number?
True
Is 5183 prime?
False
Is 37911 a composite number?
True
Is 47989 a composite number?
True
Is 41969 prime?
True
Is 52943 prime?
False
Is 26007 prime?
False
Is 2357 prime?
True
Is 66914 composite?
True
Is 512989 a composite number?
False
Is 179093 a prime number?
False
Is 33373 prime?
False
Is 76943 a composite number?
False
Is 1757 a prime number?
False
Is 681629 composite?
True
Is 2473 composite?
False
Is 57299 a composite number?
True
Is 3089 composite?
False
Is 3377 a composite number?
True
Is 135241 a prime number?
True
Is 1209427 composite?
False
Is 45769 a composite number?
True
Is 7483 composite?
True
Is 5557 composite?
False
Is 10843 a prime number?
False
Is 35885 a prime number?
False
Is 779243 a composite number?
True
Is 22147 composite?
False
Is 29819 a prime number?
True
Is 1604231 a composite number?
False
Is 43573 composite?
False
Is 13997 composite?
False
Is 1402 composite?
True
Is 236143 a prime number?
True
Is 431845 composite?
True
Is 86637 a composite number?
True
Is 631 a prime number?
True
Is 9242 a prime number?
False
Is 25351 a composite number?
True
Is 465787 a composite number?
True
Is 163757 prime?
False
Is 96983 composite?
True
Is 18649 a prime number?
False
Is 270451 a composite number?
False
Is 4253 a composite number?
False
Is 38939 a composite number?
True
Is 27239 a prime number?
True
Is 2117 a prime number?
False
Is 290762 a composite number?
True
Is 313463 a prime number?
False
Is 10601 composite?
False
Is 1633963 composite?
True
Is 3679211 a prime number?
True
Is 698669 a prime number?
True
Is 12187 prime?
False
Is 650897 a prime number?
False
Is 611681 prime?
False
Is 1741409 composite?
False
Is 5297 a composite number?
False
Is 14163 composite?
True
Is 313951 composite?
True
Is 40099 prime?
True
Is 16963 prime?
True
Is 8159 composite?
True
Is 581549 a composite number?
False
Is 1009 a composite number?
False
Is 735607 composite?
True
Is 5387 a composite number?
False
Is 6593 a prime number?
False
Is 2881 prime?
False
Is 631 prime?
True
Is 3191 a composite number?
False
Is 12991 a prime number?
False
Is 61949 prime?
True
Is 15187 a composite number?
False
Is 17317 prime?
True
Is 174851 a composite number?
False
Is 225139 prime?
False
Is 12197 a composite number?
False
Is 1373 a prime number?
True
Is 32187 a composite number?
True
Is 28139 prime?
False
Is 57611 a composite number?
True
Is 445 a composite number?
True
Is 296629 a prime number?
False
Is 1121 a prime number?
False
Is 817667 a prime number?
False
Is 25249 a prime number?
False
Is 462541 a composite number?
False
Is 47739 a composite number?
True
Is 699 a prime number?
False
Is 89605 a composite number?
True
Is 7445 a composite number?
True
Is 14941 a composite number?
True
Is 193531 composite?
True
Is 59693 composite?
False
Is 93733 prime?
False
Is 15313 a composite number?
False
Is 25073 a composite number?
False
Is 79138 a composite number?
True
Is 11587 a prime number?
True
Is 2557 a composite number?
False
Is 811729 a composite number?
False
Is 180651 a prime number?
False
Is 164207 a prime number?
False
Is 94837 composite?
False
Is 68311 prime?
True
Is 230497 composite?
True
Is 46573 a prime number?
True
Is 1471 prime?
True
Is 47113 prime?
False
Is 746467 a composite number?
True
Is 29105 composite?
True
Is 1682803 a composite number?
True
Is 55313 a composite number?
False
Is 5141 a prime number?
False
Is 13499 a composite number?
False
Is 1009387 a composite number?
False
Is 1354181 composite?
False
Is 15154 prime?
False
Is 26171 a composite number?
False
Is 1730561 a composite number?
True
Is 1472741 a prime number?
False
Is 1140307 a composite number?
True
Is 1552757 prime?
True
Is 812699 composite?
False
Is 290557 a composite number?
False
Is 63107 a composite number?
True
Is 156487 prime?
True
Is 400559 composite?
False
Is 48497 a prime number?
True
Is 72509 a prime number?
False
Is 773207 a prime number?
True
Is 22 composite?
True
Is 341797 prime?
False
Is 23623 prime?
True
Is 16707 a prime number?
False
Is 386287 prime?
False
Is 763457 composite?
False
Is 10327 prime?
False
Is 296183 prime?
True
Is 5873 composite?
True
Is 10079 a composite number?
False
Is 29501 a composite number?
False
Is 613721 prime?
False
Is 148711 a composite number?
False
Is 2112817 composite?
True
Is 19571 prime?
True
Is 1041 a composite number?
True
Is 13567 a composite number?
False
Is 249189 a composite number?
True
Is 37153 a prime number?
False
Is 27785 prime?
False
Is 1628933 prime?
True
Is 10289 prime?
True
Is 35885 a prime number?
False
Is 83891 composite?
False
Is 1034959 a composite number?
False
Is 1360741 prime?
False
Is 228621 a composite number?
True
Is 708979 a composite number?
False
Is 214495 prime?
False
Is 7867 a composite number?
False
Is 76459 a prime number?
False
Is 4406 prime?
False
Is 4535657 composite?
True
Is 127637 a composite number?
False
Is 355 a prime number?
False
Is 1039 a composite number?
False
Is 20441 a prime number?
True
Is 593695 prime?
False
Is 1187 a composite number?
False
Is 5897 a composite number?
False
Is 4385 a composite number?
True
Is 38105 a prime number?
False
Is 80527 a composite number?
False
Is 141779 a prime number?
False
Is 138599 a composite number?
False
Is 1471 composite?
False
Is 48747 a prime number?
False
Is 894709 composite?
False
Is 160201 composite?
False
Is 2777 a prime number?
True
Is 18593 prime?
True
Is 560531 a composite number?
False
Is 1585 a composite number?
True
Is 172849 a prime number?
True
Is 36731 a prime number?
False
Is 8501 composite?
False
Is 39727 a prime number?
True
Is 8597 a prime number?
True
Is 1864514 prime?
False
Is 80893 a prime number?
False
Is 1121 a prime number?
False
Is 91673 a composite number?
False
Is 145897 a prime number?
True
Is 25177 prime?
False
Is 74741 a composite number?
True
Is 15389 a composite number?
True
Is 4853 prime?
False
Is 580471 a prime number?
True
Is 41443 a prime number?
True
Is 90205 prime?
False
Is 453049 composite?
True
Is 51049 composite?
True
Is 100689 a prime number?
False
Is 592261 composite?
False
Is 1281383 a composite number?
False
Is 35331 composite?
True
Is 52147 a composite number?
False
Is 138239 a prime number?
True
Is 2581 a prime number?
False
Is 1732027 a prime number?
False
Is 320527 a composite number?
True
Is 186211 a composite number?
False
Is 631 composite?
False
Is 319 a prime number?
False
Is 191 prime?
True
Is 4751 a composite number?
False
Is 86302 prime?
False
Is 51955 a composite number?
True
Is 121469 a composite number?
False
Is 162473 a prime number?
True
Is 116593 a composite number?
False
Is 629923 a composite number?
True
Is 6169 a composite number?
True
Is 27323 a prime number?
False
Is 31 a composite number?
False
Is 93239 composite?
False
Is 2014093 a prime number?
False
Is 127937 a prime number?
False
Is 22189 a composite number?
False
Is 1092389 composite?
False
Is 4717 a composite number?
True
Is 2707 prime?
True
Is 193357 a composite number?
False
Is 9917 prime?
False
Is 207939 composite?
True
Is 3986767 a prime number?
True
Is 7131407 a composite number?
False
Is 75793 a prime number?
True
Is 37749 a prime number?
False
Is 40309 a composite number?
True
Is 1736033 prime?
False
Is 276707 a prime number?
True
Is 4739 a prime number?
False
Is 38669 a composite number?
False
Is 13397 prime?
True
Is 2283 composite?
True
Is 298 a composite number?
True
Is 1739 composite?
True
Is 24301 prime?
False
Is 31643 a prime number?
True
Is 87931 prime?
True
Is 144682 prime?
False
Is 21443 a composite number?
True
Is 128213 prime?
True
Is 67685 composite?
True
Is 10979 a composite number?
False
Is 228481 composite?
True
Is 2324929 composite?
False
Is 37581 a composite number?
True
Is 21026 a prime number?
False
Is 4511039 a prime number?
False
Is 9961 a prime number?
False
Is 8407 prime?
False
Is 901691 composite?
True
Is 51551 prime?
True
Is 23455 prime?
False
Is 2517 composite?
True
Is 44147 prime?
False
Is 654931 composite?
False
Is 142657 prime?
True
Is 484073 a composite number?
True
Is 3833 a prime number?
True
Is 639983 a prime number?
True
Is 4321 prime?
False
Is 10301 prime?
True
Is 18589 a prime number?
False
Is 827213 a co